of y.
2, 821
Let t(j) be the first derivative of 13*j - 2 + 5*j + 2*j**2 - 2*j. List the prime factors of t(0).
2
Suppose -4087156 = -365*r + 87*r. List the prime factors of r.
2, 7351
Suppose -66*z - 267*z = -6335991. What are the prime factors of z?
53, 359
Suppose 3*k - 9542 = -5*w, 2377*k - 3800 = -2*w + 2373*k. List the prime factors of w.
2, 239
Suppose -58*x = 109*x - 2901792. What are the prime factors of x?
2, 3, 181
Let p = 6 + 1. Suppose -10 = 6*y - 262. Let c = y + p. What are the prime factors of c?
7
Suppose -46*a = -49*a + 4209. Suppose -a = -21*f + 7039. List the prime factors of f.
2, 3, 67
Let r be (-153)/(-17) + 3 + 2. Suppose -37*x + 9180 = r*x. What are the prime factors of x?
2, 3, 5
Suppose 4*i + 5*y - 300417 = 0, -5*y - 300415 = -4*i - 8*y. List the prime factors of i.
7, 10729
Let w(l) = 38*l**2 - 50*l + 239. List the prime factors of w(16).
89, 103
Let n(a) = -5*a**3 + 15*a**2 + 14*a - 40. Let m be n(7). Let u = 2192 + m. List the prime factors of u.
2, 5, 127
Let j be 4 - -2*(-5)/10. Suppose 5*i = -2*d + 668, -4*d - j*i = -d - 1020. Suppose -101*x = -97*x - d. What are the prime factors of x?
2, 43
Let m be (102/(-24))/17 + 453/4. Suppose -3*x + 8*x = h + m, h + 21 = x. List the prime factors of x.
23
Suppose -23*u = -16*u - 70*u - 882. Let z(b) = -26*b - 63. Let r(k) = 25*k + 62. Let o(s) = -5*r(s) - 4*z(s). List the prime factors of o(u).
2, 59
Let o(r) = 11*r**3 + 5*r**2 - 23*r + 21. Let v be o(6). Suppose 8*f + v - 6935 = 0. What are the prime factors of f?
2, 281
Suppose g - 9112 = 4*r, -5*g + 229*r = 225*r - 45592. List the prime factors of g.
2, 3, 5, 19
Suppose 19326 = -124*t + 997190. What are the prime factors of t?
2, 3943
Let m be -3 + (4 - 7699) - 4. Let b be m/11 - 4/(-22). What are the prime factors of (-2)/(5/(b/8))?
5, 7
Suppose 40*f = -5*s + 36*f + 321891, 5*s + 2*f - 321893 = 0. What are the prime factors of s?
7, 17, 541
Suppose 7*a - 53 = 17. Suppose 0 = -a*k + 173 + 4467. List the prime factors of k.
2, 29
Let g = -1 - 3. Let b(y) = -39*y - 22. Let i(d) = -41*d - 22. Let a(p) = -2*b(p) + 3*i(p). What are the prime factors of a(g)?
2, 79
Let d(x) = 6*x - 1. Let p be d(-10). Let t = 96 + p. Suppose 3*f + t = 10*f. What are the prime factors of f?
5
Let l(h) = h**3 - h**2 + h + 79. Let p be l(0). Let f(v) = 26*v + 988. Let z be f(-38). Suppose z = 8*a - 553 - p. What are the prime factors of a?
79
List the prime factors of 24 - (-87238 + -17) - 33/3.
2, 21817
Let n(g) = -g**3 - 29*g**2 + 62*g + 4. Let b be n(-31). Suppose b*x + 74 + 460 = 3*a, 0 = -4*a - 4*x + 740. What are the prime factors of a?
2, 7, 13
List the prime factors of 225/33 + -7 + (-29028093)/(-517).
7, 13, 617
Let v = 169 - 177. Let n(u) = -79*u - 20. List the prime factors of n(v).
2, 3, 17
Let w be 1/5 - 68/(-10). Let t be (-1 - -1) + (-14)/w. What are the prime factors of (10 + -27)/(t/(-6)*-1)?
3, 17
Let k be (-4 - (-85)/10)*14. Suppose k = 2*q - 359. List the prime factors of q.
211
Suppose 13*r = 4*r + 14112. Let s = 2307 - r. What are the prime factors of s?
739
Suppose -3*h = -4*q - 8*h + 46, 3*h = 6. Suppose 7*w = q*w + 2*v - 868, 0 = w - 3*v - 422. What are the prime factors of w?
431
Suppose -5*c - 3*g + 10966 = 0, -c + 2*g + 0*g + 2188 = 0. Let s = c + -1045. What are the prime factors of s?
31, 37
Suppose -2*v = 14, 4*n - 444*v = -439*v + 184923. What are the prime factors of n?
2, 11, 191
Let i(q) = 1626*q**3 - 2*q**2 - 11*q + 14. List the prime factors of i(1).
1627
Let c = 207 + -213. List the prime factors of 2062/4 + c/12.
5, 103
Let f = 9464 - 1968. What are the prime factors of f?
2, 937
Let g(r) = -137*r + 1. Let o be g(-2). Let b be 1 + -3 - -2*o/5. Suppose -b = 3*z - 984. List the prime factors of z.
2, 73
Suppose 16*b = 6*b + 54246 + 110094. List the prime factors of b.
2, 3, 11, 83
Let s be (6*4/48)/(3/30). Suppose 2*i = 6*i + 3*r - 1658, s*i = 2*r + 2061. List the prime factors of i.
7, 59
Let z = 828 - 556. Let v = 314 + z. What are the prime factors of v?
2, 293
Let f(x) = 55*x + 1335. List the prime factors of f(-10).
5, 157
Let v be -2 - 4/(-4)*4. Suppose 2*c = -d - 15 + 500, v*d + 2*c - 978 = 0. List the prime factors of d.
17, 29
Let a(v) = -24*v**3 - 14*v**2 - 7*v. Let m be a(-6). Suppose 4 = 4*x, -4*w + 4*x = 1674 - m. List the prime factors of w.
7, 109
Let c(i) = i**3 - 8*i**2 + 29*i - 8. Let x be c(12). Suppose 8*f = 508 + x. What are the prime factors of f?
2, 89
Let d(o) = 31683*o + 105. What are the prime factors of d(1)?
2, 3, 883
Suppose -34168 = -4*j + c + 82724, 0 = -5*j - c + 146097. List the prime factors of j.
29221
Suppose 2*x - 76 = 4*l, 0 = -4*x + l + l + 128. Let t be (-5)/(-10) - (-27)/(-6) - -9. Let s = x - t. List the prime factors of s.
5
Let m = -39 + 44. Suppose q = 2*l, 44 - 18 = -m*q - 3*l. Let v(f) = 4*f**2 - 8*f - 18. What are the prime factors of v(q)?
2, 3, 13
Suppose -38*h - 4*f = -41*h + 19350, 5*h - 5*f = 32255. What are the prime factors of h?
2, 7, 461
Suppose -2*n + 14158 = -2*j - 4932, 5*n - j - 47741 = 0. What are the prime factors of n?
3, 1061
Let c(v) = v**2 + 14*v - 9. Let u be (-2)/6 - 52/(-12). Let y be -4 + -18 + 1 + u. List the prime factors of c(y).
2, 3, 7
Let o be 28/(-21) + 3 + (-13)/(-3). List the prime factors of 280/(-15)*o/(-7).
2
Let z = 21 + -23. What are the prime factors of (2/3)/(z/8046*-6)?
3, 149
Suppose -6 = -5*k + 3*q, -3*k - q - 4 = q. Let x be k - (0 - 27)*5. Suppose o - 4*y - 310 = -2*o, -x = -o - 5*y. List the prime factors of o.
2, 5, 11
Suppose -5*w = 38 - 138. Let p be ((-10465)/w)/(-7) + 6/(-8). Let t = p + -34. List the prime factors of t.
2, 5
Let u(n) = -n**3 + 16*n**2 - 40*n + 15. Let h be u(13). Let l(k) = -h - 3*k + 24*k**3 - 2*k**3 + 2*k**2 - 13*k**3. What are the prime factors of l(2)?
2, 3
Suppose 6*a - 5*a = 3, 42 = -5*r + 4*a. Let m be (-40)/(2/r - 0). List the prime factors of (-2)/(-3) - m/(-36).
2
Let k be (-48)/20*(-10)/6*4. Suppose k*d - 11*d = -400. What are the prime factors of (d/50)/(6/(-435))?
2, 29
Let o = 4512 - 3883. What are the prime factors of o?
17, 37
Let j = 86033 - 5321. List the prime factors of j.
2, 3, 19, 59
Let j(y) = -y**3 - 5*y**2 + 35*y - 4. Let z be j(-9). Let k(p) = 37*p - 44. What are the prime factors of k(z)?
3, 47
Let m = -123735 + 221187. What are the prime factors of m?
2, 3, 2707
Suppose -2*p = -3*p - 2*p + 65253. List the prime factors of p.
21751
What are the prime factors of 35/14*((-21104)/(-10) + 2 + -4)?
3, 7, 251
Suppose 2444*q - 2416*q - 375928 - 93744 = 0. What are the prime factors of q?
2, 8387
Let l(j) = j**3 + 6*j**2 + 7*j + 8. Let p be l(-4). List the prime factors of p/2 - 11 - -428.
3, 47
Let i = 77 + -56. Suppose -19*h + i*h = 20. Suppose -206 = -2*m - h. What are the prime factors of m?
2, 7
Suppose -3*u + 21 = -h - 2*h, 2*u = -3*h + 4. Let p = -2 + u. Suppose -3*l + 0*l = -p*f - 207, -3*f - 6 = 0. What are the prime factors of l?
67
Suppose 5*g - 24 = 6. Suppose -4*s - 4*m - 6 = g, -2*m = 3*s + 8. What are the prime factors of 0 + (s - 258/(-2)) - 0?
127
Let m(g) be the second derivative of 7*g**4/6 + 2*g**3/3 - 4*g**2 + 6*g. List the prime factors of m(2).
2, 7
What are the prime factors of ((-198)/110)/((-6)/1640)?
2, 3, 41
Let g be ((-38205)/18)/5*(-2 - 0). Let o = g - 415. List the prime factors of o.
2, 7, 31
List the prime factors of (906 - 0) + (7 - -1) + 2.
2, 229
Suppose c + 5*r + 13332 = r, 2*c + 26664 = -r. What are the prime factors of c/(-9) + -6*8/(-72)?
2, 3, 13, 19
Let d = 30 - 22. Suppose -211 = -d*i + 157. What are the prime factors of i?
2, 23
Let q be (-4 - -4) + (-5 - (1 - -2)). List the prime factors of ((-24)/(-20))/(q/(-2680)).
2, 3, 67
Suppose -2*g - 2 = 0, 24*r - 2*g - 40993 = -g. List the prime factors of r.
2, 7, 61
Let a(f) = -f**3 + 18*f**2 - 4*f + 16. Let g be a(18). Let y be -4*g/(-32)*50/(-7). Suppose -46*n - 1040 = -y*n. What are the prime factors of n?
2, 5, 13
Let w(t) = 682*t**2 - 353*t + 2588. What are the prime factors of w(7)?
5, 19, 353
Suppose -r - 3*x = 3*r - 1446, 5*x + 1825 = 5*r. List the prime factors of (-17116)/r*-21 - (-4)/(-22).
2, 3, 5, 11
Suppose 33*u = 90*u - 55518. Let x = -925 + u. List the prime factors of x.
7
Let r(f) = 23*f - 57. Let v be r(3). List the prime factors of ((-15)/(-10))/(v/54280*5).
23, 